w = q + 381. Let j = 391 - w. Is j a composite number?
True
Let y be (8 - 7)/((-1)/(-12)). Let v be (y/(-14))/(3/(-14)). Suppose -q - 2*r = -173, -v*r = -0*r - 20. Is q composite?
False
Suppose 3*u + 4*m = -16, 10 - 71 = 3*u - 5*m. Let n = -10 - u. Suppose 0 = -l - n*k + 665, 4*l - 3346 = -l - 3*k. Is l a composite number?
True
Suppose 5*q + 3*l - 8*l + 35 = 0, -4*l + 22 = -2*q. Let s(k) = -201*k + 5. Let r be s(q). Let w = -385 + r. Is w a prime number?
True
Let b(g) = 18930*g**2 + 2*g + 3. Is b(-1) a composite number?
True
Suppose -z = -5*m + 231998, -z = 6 - 3. Is m a composite number?
False
Let x(i) = 2*i**3 + 14*i**2 + 65*i + 15. Is x(26) a composite number?
True
Let n be 3/6 + (-2177)/14. Let k = 36 - n. Is k prime?
True
Suppose y = -p + 3*p - 600, -1836 = 3*y + 3*p. Let c = -289 - y. Is c a prime number?
False
Let g(c) = 2*c - 6. Let l be g(4). Let o(t) = t**2 + 2*t + 1. Let b be o(-2). Is (-4270)/(-5)*b/l a prime number?
False
Is 3/(-6)*(-89480)/4 a prime number?
False
Suppose 4*q - 4*l = 3208, -3*q + 1469 = -5*l - 929. Suppose 239 = 2*w - s - 1348, -w + q = -3*s. Is w a prime number?
False
Suppose -3*w + 0*w + 3*d = -1680, -2280 = -4*w - 4*d. Is w a composite number?
True
Suppose -31*z = -5*z - 2054. Is z composite?
False
Let v be 3/(2 + (-631)/314). Let j = v - -159. Let f = -40 - j. Is f composite?
True
Let k(j) = j**2 + 5*j - 10. Let w be k(-8). Let u be w/(-77) - (-4)/22. Suppose -t = -u*t - 53. Is t composite?
False
Is (65769/132)/((-2)/(-464)*2) prime?
False
Let h(q) = q**3 + 14*q**2 - 16*q + 12. Suppose p + 0 = -2*y - 7, -p + 3*y = 22. Is h(p) a prime number?
True
Suppose -6*c + 2*c = -20. Let t(m) = 21*m - 10. Is t(c) a prime number?
False
Let k(m) = 2*m**3 - 18*m**2 - 14*m + 49. Is k(16) a composite number?
True
Let q = 44637 - -1700. Is q a composite number?
False
Let i(f) = -174*f**3 - f**2 - 31*f + 1. Is i(-5) composite?
False
Let s(v) = -25*v**3 + 6*v**2 + 17*v - 61. Is s(-14) a composite number?
True
Suppose -5*f + 9*f - 20 = 0. Suppose -2*v - 12 = c, -f*c + 4*c = -4*v - 12. Let q(h) = -h**3 + 2*h**2 + 4*h - 1. Is q(v) a composite number?
False
Let t(z) = -z + 5. Let m be t(8). Let a be (m/18)/(-1)*6. Is -5 - -7 - a*-85 a prime number?
False
Let m(d) = -210*d + 1. Let k = 1 - 13. Let b be 2 - 1/((-4)/k). Is m(b) composite?
False
Suppose b = -4*s + 2*s + 244, -1236 = -5*b - 2*s. Suppose -5*k + 2195 = -5*t, -k + 175 + b = -5*t. Is k a composite number?
False
Suppose 12508 = -130*l + 134*l. Is l prime?
False
Suppose -4*i = -10 - 14. Suppose -2372 - 11828 = -20*g. Suppose 556 = i*o - g. Is o a prime number?
True
Let l be (-80550)/20*(-8)/(-6). Is ((-2)/(-10))/((-6)/l) composite?
False
Let n(m) = m**2 + 16*m + 31. Let x be n(-14). Suppose 5*r - 999 = -2*j, -595 = -3*r + x*j - 2*j. Is r a composite number?
False
Suppose -5*o - 2*m = -398, 3*o - 4*m + 0*m = 218. Let g = o - -259. Is g prime?
True
Suppose 0 = -b - 2*g + 256, 0 = 7*g - 3*g + 16. Suppose -4*o + 246 = -2*c + 4*c, -2*c = -5*o - b. Is c composite?
False
Suppose -6446 = 40*d - 42*d. Is d a composite number?
True
Suppose -26*d = -33*d + 95543. Is d a composite number?
False
Let p = -35529 - -51230. Is p composite?
True
Let w = 5442 - 2431. Is w a composite number?
False
Let q = -2778 + 1676. Let h = q - -646. Let d = h - -667. Is d prime?
True
Let v be 9/4 + 9/12. Suppose -4982 = -2*l - v*i, -2*i + 2491 = l + i. Is l prime?
False
Let z(k) = 13*k**3 - 6*k**2 - 12*k - 13. Is z(14) a prime number?
False
Is 24/(-44) - 166618/(-22) prime?
True
Suppose 8*w - 14*w + 294 = 0. Let y = 215 - w. Is y composite?
True
Let a = 56 + -49. Suppose -a*u = -4*u - 10911. Is u a prime number?
True
Suppose -24 = -2*w + 4. Let l(n) = 3*n**2 - 6*n**2 + 0*n**2 + 2*n**2 - w*n + 5. Is l(-8) a prime number?
True
Is (-1)/(2/(-12)) - -9995 a composite number?
True
Suppose 4*r - 2*r = 8. Suppose -4*p - 8 = 2*x, 0*x - r*p = x + 2. Is (28/x)/(2/(-3)) prime?
True
Let l(d) be the third derivative of -d**4/24 - 3*d**3 - 5*d**2. Let y be l(-17). Is (-1)/(y + (-666)/(-669)) composite?
False
Let g = -5448 + 9187. Is g prime?
True
Let s = 3290 - 73234. Is -2 + (-1 - -1) - s/8 a composite number?
False
Let l(i) = -14*i**3 - 7*i**2 + 11*i + 12. Let u(j) = -30*j**3 - 13*j**2 + 21*j + 23. Let p(g) = -5*l(g) + 3*u(g). Is p(-5) a prime number?
False
Let d(n) be the first derivative of -3*n**3/2 + 4*n**2 - n - 6. Let p(h) be the first derivative of d(h). Is p(-14) composite?
True
Let f(d) = -d**3 + d - 55. Let b(k) = -k**3 + k - 55. Let m = 17 - 12. Let a(w) = m*b(w) - 6*f(w). Is a(0) a prime number?
False
Suppose n = 3*w + 6, -3 = 2*w + 1. Suppose 13 = -v - n*v. Let h = v + 34. Is h prime?
False
Suppose 0*w - w = -366. Let i = 777 - w. Is i composite?
True
Suppose n - 4 + 1 = 0. Suppose -192 = -9*f + 11*f - 3*q, -4*f = -5*q + 382. Is (n + (-50)/15)*f composite?
False
Suppose 0 = -3*k + 11*k + 6304. Let a = 765 - k. Is a composite?
False
Let j(t) = -2*t + 3. Let w be j(-3). Suppose -3 - w = -4*n. Suppose n*g = -4*v + 2093, v - 3*g - 512 = -0*v. Is v a composite number?
False
Is ((-15)/12)/((-14)/179704) composite?
True
Let o be 0*(-3)/12 - -73. Let t = 88 + o. Is t prime?
False
Suppose -6 = -5*y + 9. Suppose -y*l + 51 = -531. Suppose q = 3*q - l. Is q composite?
False
Suppose -2795*m + 2791*m = -61972. Is m prime?
True
Suppose 19*b - 20*b = 3863. Let h = b + 9654. Is h a composite number?
False
Let b = 9847 + -5426. Is b composite?
False
Suppose -u + 519 = 4*w - w, -5*w + 1561 = 3*u. Let o = u - 230. Let c = 763 - o. Is c prime?
False
Suppose 0 = 5*s - 5. Suppose -2*a = -s - 3. Is (-45)/36*(-104)/a a prime number?
False
Is (1602546/(-165))/((-4)/(-5))*-2 composite?
False
Let q(g) be the third derivative of g**6/120 + 11*g**5/60 + 11*g**4/24 - g**3/6 - 13*g**2. Is q(-9) a prime number?
False
Suppose -v + 1888 + 2833 = 0. Is v a prime number?
True
Let y(b) = 3*b + 3*b**2 - 45*b**3 + 2*b - 5*b - 1 + b. Let v be y(-2). Suppose 2*d + 5*n - 485 = 0, -n = -2*d + v + 98. Is d composite?
True
Is ((-182145)/20)/3*-2*2 prime?
True
Suppose -2 = 2*w, 3*g - g - 1387 = -5*w. Let x be 2 + 11/((-44)/g). Is -2 - (2 + x) - 2 a prime number?
False
Let u(f) = -8 - 5 + 10 + 894*f - 4. Is u(4) a prime number?
False
Suppose 17 = -a - 27. Let j = a + 50. Is j a composite number?
True
Is (2/(-4) + 1)/(5/42010) prime?
True
Let a(g) = 1665*g + 100. Is a(3) prime?
False
Let m be (2/6)/(3/2034). Suppose -m - 65 = -k. Is k prime?
False
Let t(c) = -2*c**2 + 9*c - 4. Let u be t(4). Suppose u*w + 148 = 2*w. Is w composite?
True
Let l be -14*((-7)/2 - -3). Suppose 52 = l*z - 1705. Is z composite?
False
Let w = 107275 + -65174. Is w a prime number?
True
Let v(g) = 20*g**3 - 19*g**2 + 23*g - 5. Is v(7) a prime number?
False
Let t(p) = 10*p**2 - 11*p + 5. Suppose c + 12 = 4*a - 24, -4*a + 4*c = -24. Is t(a) composite?
True
Let q(y) = 567*y**2 + 6*y + 6. Let c be q(-2). Suppose 3*f = -3*d + c, 2*d + 2267 - 20 = 3*f. Is f a prime number?
True
Suppose -2*j - 1323 = 321. Let q be (615/6)/(5/70). Let a = q + j. Is a a composite number?
False
Suppose -h + r - 611 = -3*h, 0 = 3*h + r - 919. Let q = h - -111. Is q composite?
False
Suppose -105 + 23 = -3*r - 4*n, -2*n = 4*r - 116. Suppose 26*l + 13256 = r*l. Is l prime?
False
Let y(k) = -69*k - 55. Suppose 16 = -63*o + 61*o. Is y(o) a composite number?
True
Let f(c) = 15*c**2 - 7*c + 5. Let m(u) = -60*u**2 + 29*u - 20. Let t(s) = 9*f(s) + 2*m(s). Let w(q) be the first derivative of t(q). Is w(4) composite?
True
Let c(t) = -t**2 - 7*t + 2. Let g be c(-7). Suppose -5*f = -2*y - 397, 0 = g*y + 5*f - 3*f + 390. Let l = 335 + y. Is l prime?
True
Let v(t) = -t**2 - 7*t + 10. Let a be v(-6). Suppose 0 = a*i - 19*i + 429. Is i a composite number?
True
Let f be (396/30)/(5/(-25)). Suppose -5*o = -5*d - 840, -3*o - o + 677 = -5*d. Let p = o + f. Is p a prime number?
True
Let h(g) be the third derivative of g**6/24 - g**3/6 + 6*g**2. Let c be h(1). Suppose c*k = 332 + 248. Is k a composite number?
True
Let m = -15557 - -25498. Is m prime?
True
Let h = -5572 + 3264. Let v = h - -4093. Is v/8 + (-12)/96 composite?
False
Is 15*7/21 + 872 prime?
True
Suppose -3*w + 2*v = -5, 2*v - 5 + 4 = w. Suppose -4*p + 2*n = -6482, 0 = -5*p - w*n - n + 8109. Is p a prime number?
True
Let w be (9/(-3))/(12/(-8)). Let q = w - 0. Suppos